{"id":4661,"date":"2014-06-05T09:48:11","date_gmt":"2014-06-05T12:48:11","guid":{"rendered":"http:\/\/www.goulart.pro.br\/blog\/?page_id=4661"},"modified":"2025-01-04T22:15:58","modified_gmt":"2025-01-04T22:15:58","slug":"5-passeios-diversos","status":"publish","type":"page","link":"https:\/\/goulart.pro.br\/blog\/5-passeios-diversos\/","title":{"rendered":"5 &#8211; Passeios diversos"},"content":{"rendered":"\n<p>Algumas pequenas viagens e passeios de curta dura\u00e7\u00e3o:\u00a0<\/p>\n\n\n\n<p>31\/01\/2011 &#8211; <a title=\"Viagem r\u00e1pida at\u00e9 a casa da Tia Zeli (Morro Grande, Sang\u00e3o, SC)\" href=\"http:\/\/www.goulart.pro.br\/blog\/?p=39\" target=\"_blank\" rel=\"noopener\">Viagem r\u00e1pida at\u00e9 a casa da Tia Zeli<\/a>\u00a0<\/p>\n\n\n\n<p>06\/02\/2011 &#8211; <a title=\"Viagem a Nova Trento \u2013 Santa Paulina \u2013 06\/02\/2011\" href=\"http:\/\/www.goulart.pro.br\/blog\/?p=179\" target=\"_blank\" rel=\"noopener\">Viagem a Nova Trento \u2013 Santa Paulina<\/a><\/p>\n\n\n\n<p>13\/02\/2011 &#8211; <a title=\"Viagem a S\u00e3o Paulo \u2013 13\/02\/2011\" href=\"http:\/\/www.goulart.pro.br\/blog\/?p=203\" target=\"_blank\" rel=\"noopener\">Viagem a S\u00e3o Paulo<\/a>\u00a0<\/p>\n\n\n\n<p>07\/09\/2011 &#8211; <a title=\"Do Sul ao Sul do RS\/Norte do Uruguai \u2013 07\/09\/2011\" href=\"http:\/\/www.goulart.pro.br\/blog\/?p=251\" target=\"_blank\" rel=\"noopener\">Do Sul ao Sul do RS\/Norte do Uruguai<\/a>\u00a0<\/p>\n\n\n\n<p>11\/10\/2012 &#8211; <a title=\"Viagem a Nova Veneza \u2013 Outubro 2012\" href=\"http:\/\/www.goulart.pro.br\/blog\/?p=317\" target=\"_blank\" rel=\"noopener\">Viagem a Nova Veneza<\/a><\/p>\n\n\n\n<p>30\/07\/2013 &#8211; <a title=\"Passeio ao Sul de Santa Catarina via estradas secundarias  (Julho de 2013)\" href=\"http:\/\/www.goulart.pro.br\/blog\/?p=1729\" target=\"_blank\" rel=\"noopener\">Passeio ao Sul de Santa Catarina via estradas secund\u00e1rias<\/a>\u00a0<\/p>\n\n\n\n<p>04\/10\/2013 &#8211; <a title=\"Desafio BigTrail \u2013 Curso n\u00edvel II\" href=\"http:\/\/www.goulart.pro.br\/blog\/?p=2215\" target=\"_blank\" rel=\"noopener\">Desafio BigTrail \u2013 Edi\u00e7\u00e3o I<\/a>\u00a0<\/p>\n\n\n\n<p>01\/08\/2014 &#8211; <a title=\"Desafio Big Trail \u2013 Curso n\u00edvel II \u2013 Edi\u00e7\u00e3o III\" href=\"http:\/\/www.goulart.pro.br\/blog\/?p=4687\" target=\"_blank\" rel=\"noopener\">Desafio Big Trail \u2013 Edi\u00e7\u00e3o III<\/a>\u00a0<\/p>\n\n\n\n<p>21\/03\/2015 &#8211; <a title=\"Desafio Big Trail \u2013  Edi\u00e7\u00e3o IV \u2013 Mar\u00e7o de 2015\" href=\"http:\/\/www.goulart.pro.br\/blog\/?p=5049\" target=\"_blank\" rel=\"noopener\">Desafio Big Trail &#8211; Edi\u00e7\u00e3o IV<\/a><\/p>\n","protected":false},"excerpt":{"rendered":"<p>Algumas pequenas viagens e passeios de curta dura\u00e7\u00e3o:\u00a0 31\/01\/2011 &#8211; Viagem r\u00e1pida at\u00e9 a casa da Tia Zeli\u00a0 06\/02\/2011 &#8211; Viagem a Nova Trento \u2013 Santa Paulina 13\/02\/2011 &#8211; Viagem a S\u00e3o Paulo\u00a0 07\/09\/2011 &#8211; Do Sul ao Sul do RS\/Norte do Uruguai\u00a0 11\/10\/2012 &#8211; Viagem a Nova Veneza 30\/07\/2013 &#8211; Passeio ao Sul de [&hellip;]<\/p>\n","protected":false},"author":1,"featured_media":0,"parent":0,"menu_order":0,"comment_status":"open","ping_status":"open","template":"","meta":{"pagelayer_contact_templates":[],"_pagelayer_content":"","footnotes":""},"class_list":["post-4661","page","type-page","status-publish","hentry"],"_links":{"self":[{"href":"https:\/\/goulart.pro.br\/blog\/wp-json\/wp\/v2\/pages\/4661","targetHints":{"allow":["GET"]}}],"collection":[{"href":"https:\/\/goulart.pro.br\/blog\/wp-json\/wp\/v2\/pages"}],"about":[{"href":"https:\/\/goulart.pro.br\/blog\/wp-json\/wp\/v2\/types\/page"}],"author":[{"embeddable":true,"href":"https:\/\/goulart.pro.br\/blog\/wp-json\/wp\/v2\/users\/1"}],"replies":[{"embeddable":true,"href":"https:\/\/goulart.pro.br\/blog\/wp-json\/wp\/v2\/comments?post=4661"}],"version-history":[{"count":2,"href":"https:\/\/goulart.pro.br\/blog\/wp-json\/wp\/v2\/pages\/4661\/revisions"}],"predecessor-version":[{"id":5087,"href":"https:\/\/goulart.pro.br\/blog\/wp-json\/wp\/v2\/pages\/4661\/revisions\/5087"}],"wp:attachment":[{"href":"https:\/\/goulart.pro.br\/blog\/wp-json\/wp\/v2\/media?parent=4661"}],"curies":[{"name":"wp","href":"https:\/\/api.w.org\/{rel}","templated":true}]}}